alculate g(16).
13
Let k(y) = 9*y + 74. Give k(7).
137
Let y(i) = -i**3 + 32*i**2 - 78*i - 34. What is y(3)?
-7
Let r(m) = -2*m**3 + 74*m**2 - 139*m - 29. What is r(35)?
6
Let f(y) = -4*y**3 - 279*y**2 + 78*y + 561. Determine f(-70).
1
Let u(q) = -3*q**2 + 190*q + 8026. Determine u(-29).
-7
Let p(c) = 55*c**2 + 168*c + 478. What is p(-3)?
469
Let w(f) = -8*f**3 - 34*f**2 + 98*f + 43. Determine w(-6).
-41
Let x(z) = -12*z + 144. Give x(13).
-12
Let o(f) = 35*f - 545. Determine o(12).
-125
Let h(s) = s**3 - 40*s**2 + 148*s + 2. What is h(36)?
146
Let i(y) = 9*y - 534. What is i(60)?
6
Let r(n) = -n**3 + 5*n**2 - 16*n + 212. Give r(7).
2
Let o(g) = g**3 - 33*g**2 + 13*g - 371. Calculate o(33).
58
Let h(c) = c**3 - 41*c**2 + 41*c - 75. Determine h(40).
-35
Let p(i) = 2*i - 152. What is p(16)?
-120
Let b(d) = -d**3 - 32*d**2 - 26*d - 829. Give b(-32).
3
Let n(p) = -20*p - 1648. What is n(-83)?
12
Let g(x) = -103*x**2 - 407*x + 6. Calculate g(-4).
-14
Let r(b) = -163*b + 811. Calculate r(5).
-4
Let w(q) = q**2 + 98*q - 506. Calculate w(5).
9
Let f(r) = 10*r**2 - 65*r - 15. Give f(6).
-45
Let z(h) = 6*h - 36. What is z(-18)?
-144
Let z(u) = 246*u**2 - 4*u + 6. What is z(1)?
248
Let z(k) = -2*k**2 - 182*k - 4014. What is z(-51)?
66
Let f(n) = n**3 + 26*n**2 + 70*n + 2530. Calculate f(-27).
-89
Let h(b) = -3*b**2 - 74*b - 246. What is h(-25)?
-271
Let j(d) = d**2 + 5*d - 30. Calculate j(-6).
-24
Let x(t) = -368*t + 1515. Calculate x(5).
-325
Let p(s) = 9*s**2 + 128*s + 11. Calculate p(-14).
-17
Let p(g) = -g**2 + 94*g - 1515. Calculate p(21).
18
Let q(k) = 3*k**2 + 28*k + 258. Give q(-12).
354
Let v(b) = -6*b**2 + 6*b - 8. Give v(-4).
-128
Let z(q) = -q**3 + 72*q**2 + 82*q - 751. Calculate z(73).
-94
Let o(j) = 2*j**2 + 228*j + 687. Calculate o(-3).
21
Let w(a) = -a**2 - 5*a + 55. Calculate w(-8).
31
Let l(x) = 337*x + 246. Give l(-2).
-428
Let f(a) = 33*a**2 - 330*a - 331. What is f(-1)?
32
Let o(t) = 29*t + 153. Give o(-6).
-21
Let i(q) = -41*q**3 + 2*q**2 + q - 2. Determine i(-1).
40
Let y(u) = -475*u**3 + 7*u**2 - 3*u - 3. Calculate y(1).
-474
Let y(c) = -c**3 + 7*c**2 + 3*c - 16. Calculate y(5).
49
Let g(w) = 8317*w - 182970. Give g(22).
4
Let r(q) = -10*q**2 - 550*q + 1146. Determine r(-57).
6
Let g(d) = d**2 - 12*d - 692. Determine g(-27).
361
Let f(i) = 5*i**2 + 28*i - 7. Calculate f(-7).
42
Let w(t) = -t**2 + 24*t - 159. Determine w(11).
-16
Let q(u) = 142*u - 8632. Calculate q(62).
172
Let q(s) = -2*s**2 - 8*s - 34. Give q(0).
-34
Let s(k) = -250*k - 1649. What is s(-5)?
-399
Let q(k) = -2*k**3 + 7*k**2 + 4*k + 9. Determine q(5).
-46
Let t(m) = -m**3 + 29*m**2 - 33*m + 109. Determine t(28).
-31
Let g(l) = 442*l - 6. Give g(0).
-6
Let v(o) = -11*o**2 + 12*o + 8. Determine v(-1).
-15
Let l(b) = 12*b**2 + 27*b + 8. What is l(-3)?
35
Let l(a) = -3*a - 44. Calculate l(-5).
-29
Let p(n) = -99*n - 1723. What is p(-17)?
-40
Let k(x) = -x**3 + 22*x**2 - 71*x - 20. Calculate k(18).
-2
Let a(k) = k**2 + 20*k + 40. Determine a(-28).
264
Let i(r) = -r**2 + 9*r - 29. What is i(5)?
-9
Let w(x) = 97*x - 1028. Calculate w(11).
39
Let t(i) = i**3 + 15*i**2 + 20*i - 27. Determine t(-14).
-111
Let u(m) = 645*m + 11608. Calculate u(-18).
-2
Let u(l) = 73*l**2 - 331*l + 157. Give u(4).
1
Let s(d) = -d**2 + 128*d + 14331. Determine s(-72).
-69
Let l(m) = -m**2 - 10*m + 4. What is l(3)?
-35
Let t(s) = -s**3 + 243*s**2 + 1200*s + 9901. What is t(248)?
-19
Let a(r) = -2*r**2 - 1033*r + 2067. What is a(2)?
-7
Let o(v) = 1491*v + 11947. Calculate o(-8).
19
Let l(z) = 3*z**2 + 53*z - 60. Determine l(-21).
150
Let w(v) = -v**3 - 20*v**2 - 19*v - 1. Calculate w(-19).
-1
Let y(i) = i**3 + 30*i**2 - 32*i - 966. Give y(-30).
-6
Let x(n) = 7*n**3 + 3*n**2 - 15*n + 31. What is x(4)?
467
Let w(y) = y**2 - 22*y - 22. What is w(15)?
-127
Let t(g) = 347*g + 1291. Determine t(-4).
-97
Let f(a) = 66*a + 7663. Calculate f(-116).
7
Let h(t) = 3*t**2 + 131*t + 557. Determine h(-39).
11
Let o(g) = g**3 - 14*g**2 - 36*g + 70. Determine o(16).
6
Let u(f) = 3462*f + 100402. Give u(-29).
4
Let y(g) = -g**3 - 63*g**2 - 988*g - 48. Determine y(-34).
20
Let j(d) = -d**3 - 8*d**2 + 33*d + 42. What is j(-12)?
222
Let t(v) = 269*v - 542. Determine t(2).
-4
Let x(m) = 4*m**2 + 104*m + 717. What is x(-10)?
77
Let s(c) = 2*c**3 - 189*c**2 - 96*c + 130. Determine s(95).
35
Let c(v) = -2*v**3 + 30*v**2 - 6*v - 74. What is c(15)?
-164
Let u(l) = -54*l - 1244. Calculate u(-22).
-56
Let f(l) = 50*l + 886. Calculate f(-18).
-14
Let f(u) = 48*u - 1348. Calculate f(31).
140
Let t(q) = -q**2 + 1933*q + 23352. What is t(-12)?
12
Let q(h) = 6*h**2 - 39*h - 151. Calculate q(-4).
101
Let w(o) = 3*o - 12. What is w(10)?
18
Let i(v) = -v**2 + 484*v + 3936. Determine i(-8).
0
Let s(k) = 11*k**2 - 232*k + 31. What is s(21)?
10
Let q(n) = n**3 + 14*n**2 + 24*n + 11. Determine q(-10).
171
Let x(d) = -d**2 - 22*d + 248. What is x(-30)?
8
Let m(p) = 3968*p**2 + 19839*p + 1. Determine m(-5).
6
Let n(w) = -8*w**2 + 17*w - 158. What is n(5)?
-273
Let a(y) = -85*y + 83. Determine a(0).
83
Let m(o) = o**3 - 22*o**2 - 23*o - 21. What is m(23)?
-21
Let n(b) = -2*b**2 - 75*b - 143. Calculate n(-2).
-1
Let s(q) = 4*q**3 + 62*q**2 - 30*q - 1. Calculate s(-16).
-33
Let i(j) = -29*j - 206. Give i(-7).
-3
Let t(m) = 2*m**3 + 39*m**2 - 17*m - 116. What is t(-20)?
-176
Let d(t) = 114*t + 611. Determine d(-6).
-73
Let v(p) = 5*p + 52. Give v(-6).
22
Let f(u) = -25*u - 94. Calculate f(8).
-294
Let p(l) = -l**3 - 31*l**2 - 216*l - 153. Give p(-9).
9
Let c(s) = -s**2 - 46*s + 380. What is c(-53)?
9
Let k(s) = 153*s - 12778. What is k(84)?
74
Let d(w) = -w**2 - 37*w - 275. Give d(-18).
67
Let x(o) = -1076*o + 6465. Determine x(6).
9
Let s(k) = -153*k + 761. Give s(5).
-4
Let p(z) = 5*z**2 + 13*z + 94. Determine p(-6).
196
Let x(j) = -115*j - 130. Calculate x(-1).
-15
Let o(v) = -5*v**2 - 473*v - 946. What is o(-2)?
-20
Let p(b) = -b**2 + 8*b - 17. Calculate p(14).
-101
Let p(k) = -2*k**2 + 192*k - 2431. Give p(15).
-1
Let m(y) = -56*y**2 - 266*y - 4. What is m(-5)?
-74
Let n(q) = -81*q + 956. Give n(12).
-16
Let w(y) = 317*y**3 + 5*y**2 + 81*y - 86. Calculate w(1).
317
Let k(o) = -3625*o - 108741. What is k(-30)?
9
Let d(g) = 11*g**3 + 74*g**2 + 38*g - 57. What is d(-6)?
3
Let n(i) = i**3 - 6*i**2 - 45*i - 25. What is n(11)?
85
Let o(b) = -b**2 - 62*b - 581. Determine o(-53).
-104
Let i(q) = q**3 + 33*q**2 + 57*q + 535. Calculate i(-31).
690
Let n(t) = 12*t**2 + 83*t + 7. Determine n(-7).
14
Let l(y) = y**2 + 105*y - 1939. Determine l(16).
-3
Let c(h) = -2*h**2 + 23*h - 51. Calculate c(2).
-13
Let h(s) = -s**3 + 13*s**2 + 68*s - 824. Determine h(11).
166
Let v(g) = -g**3 + 114*g**2 - 547*g + 230. What is v(109)?
12
Let w(x) = 8*x**3 + 311*x**2 - 32*x + 170. Give w(-39).
-103
Let z(j) = -8*j**3 + j**2 + 387*j + 385. Determine z(-1).
7
Let a(j) = -247*j - 17049. Calculate a(-69).
-6
Let i(x) = 6*x**3 - 557*x**2 - 92*x + 55. Determine i(93).
148
Let n(r) = 10*r**2 - 247*r - 1152. Determine n(-4).
-4
Let b(l) = -2*l**2 - 161*l + 1040. Calculate b(-88).
-280
Let a(s) = -2*s**3 - 17*s**2 + 18*s + 7. Determine a(-8).
-201
Let d(u) = 3*u**2 + 114*u + 103. Calculate d(-37).
-8
Let p(m) = 47*m + 332. Calculate p(-9).
-91
Let k(g) = -g**3 + 17*g**2 - 54*g + 12. Calculate k(3).
-24
Let s(f) = 30*f + 1041. Determine s(-35).
-9
Let i(n) = -68*n**3 - 17*n**2 - 27*n - 9. Determine i(-1).
69
Let x(f) = -17*f**2 + 75*f + 63. Give x(5).
13
Let q(p) = 23*p - 40. Give q(4).
52
Let h(n) = -33397*n - 200376. Determine h(-6).
6
Let l(q) = 16*q**2 + 322*q + 41. What is l(-20)?
1
Let t(u) = 10*u**3 - 5*u**2 - 1. Calculate t(1).
4
Let w(l) = l**2 + 14*l - 152. What is w(9)?
55
Let s(h) = -16*h + 76. Calculate s(5).
-4
Let s(l) = -l + 52. Calculate s(55).
-3
Let y(x) = 57*x**2 - 688*x + 41. Give y(12).
-7
Let r(q) = 211*q**3 + 3*q**2 + 2*q. Determine r(-1).
-210
Let h(a) = -46*a + 992. Calculate h(21).
26
Let i(a) = 7*a**2 - 9*a + 10. What is i(5)?
140
Let n(z) = 106*z + 731. Calculate n(-11).
-435
Let l(y) = -4*y**2 - 40*y - 26. Determine l(-13).
-182
Let p(g) = 3*g**2 - 17*g - 79. Calculate p(9).
11
Let d(v) = 235*v + 12920. What is d(-55)?
-5
Let u(b) = -2*b**2 - 2*b - 2. Give u(2).
-14
Let q(w) = w**3 - 2*w**2 - w + 216. Calculate q(0).
216
Let f(q) = -601*q 